{"id":6,"date":"2024-06-19T21:06:25","date_gmt":"2024-06-19T21:06:25","guid":{"rendered":"https:\/\/treineprimefit.me\/checkoutp4\/?page_id=6"},"modified":"2024-11-14T18:31:18","modified_gmt":"2024-11-14T18:31:18","slug":"checkoutp4","status":"publish","type":"page","link":"https:\/\/treineprimefit.me\/checkoutp4\/","title":{"rendered":"checkoutp4"},"content":{"rendered":"\t\t<div data-elementor-type=\"wp-post\" data-elementor-id=\"6\" class=\"elementor elementor-6\">\n\t\t\t\t<div class=\"elementor-element elementor-element-5af42a1a e-flex e-con-boxed e-con e-parent\" data-id=\"5af42a1a\" data-element_type=\"container\" data-settings=\"{&quot;background_background&quot;:&quot;classic&quot;}\">\n\t\t\t\t\t<div class=\"e-con-inner\">\n\t\t\t\t<div class=\"elementor-element elementor-element-446ec1c6 elementor-widget elementor-widget-heading\" data-id=\"446ec1c6\" data-element_type=\"widget\" data-widget_type=\"heading.default\">\n\t\t\t\t<div class=\"elementor-widget-container\">\n\t\t\t<style>\/*! elementor - v3.22.0 - 17-06-2024 *\/\n.elementor-heading-title{padding:0;margin:0;line-height:1}.elementor-widget-heading .elementor-heading-title[class*=elementor-size-]>a{color:inherit;font-size:inherit;line-height:inherit}.elementor-widget-heading .elementor-heading-title.elementor-size-small{font-size:15px}.elementor-widget-heading .elementor-heading-title.elementor-size-medium{font-size:19px}.elementor-widget-heading .elementor-heading-title.elementor-size-large{font-size:29px}.elementor-widget-heading .elementor-heading-title.elementor-size-xl{font-size:39px}.elementor-widget-heading .elementor-heading-title.elementor-size-xxl{font-size:59px}<\/style><h2 class=\"elementor-heading-title elementor-size-default\">PRIME FIT - BRUSQUE<\/h2>\t\t<\/div>\n\t\t\t\t<\/div>\n\t\t\t\t\t<\/div>\n\t\t\t\t<\/div>\n\t\t<div class=\"elementor-element elementor-element-44a769b5 e-flex e-con-boxed e-con e-parent\" data-id=\"44a769b5\" data-element_type=\"container\">\n\t\t\t\t\t<div class=\"e-con-inner\">\n\t\t\t\t<div class=\"elementor-element elementor-element-29657702 elementor-widget elementor-widget-heading\" data-id=\"29657702\" data-element_type=\"widget\" data-widget_type=\"heading.default\">\n\t\t\t\t<div class=\"elementor-widget-container\">\n\t\t\t<h2 class=\"elementor-heading-title elementor-size-default\">PRIME FIT - BRUSQUE<\/h2>\t\t<\/div>\n\t\t\t\t<\/div>\n\t\t\t\t<div class=\"elementor-element elementor-element-73a97148 elementor-widget elementor-widget-heading\" data-id=\"73a97148\" data-element_type=\"widget\" data-widget_type=\"heading.default\">\n\t\t\t\t<div class=\"elementor-widget-container\">\n\t\t\t<h2 class=\"elementor-heading-title elementor-size-default\">R. JO\u00c3O BAUER, N\u00ba 110, CENTRO - BRUSQUE<\/h2>\t\t<\/div>\n\t\t\t\t<\/div>\n\t\t\t\t<div class=\"elementor-element elementor-element-2d4268e1 elementor-widget elementor-widget-heading\" data-id=\"2d4268e1\" data-element_type=\"widget\" data-widget_type=\"heading.default\">\n\t\t\t\t<div class=\"elementor-widget-container\">\n\t\t\t<h2 class=\"elementor-heading-title elementor-size-default\">ESTRUTURA: CERCA DE MIL E QUINHENTOS METROS QUADRADOS<\/h2>\t\t<\/div>\n\t\t\t\t<\/div>\n\t\t\t\t<div class=\"elementor-element elementor-element-3c6a1766 elementor-widget elementor-widget-heading\" data-id=\"3c6a1766\" data-element_type=\"widget\" data-widget_type=\"heading.default\">\n\t\t\t\t<div class=\"elementor-widget-container\">\n\t\t\t<h2 class=\"elementor-heading-title elementor-size-default\">\u00c1REA DE EQUIPAMENTOS AER\u00d3BICOS,<\/h2>\t\t<\/div>\n\t\t\t\t<\/div>\n\t\t\t\t<div class=\"elementor-element elementor-element-522e4a36 elementor-widget elementor-widget-heading\" data-id=\"522e4a36\" data-element_type=\"widget\" data-widget_type=\"heading.default\">\n\t\t\t\t<div class=\"elementor-widget-container\">\n\t\t\t<h2 class=\"elementor-heading-title elementor-size-default\">\u00c1REA DE EQUIPAMENTOS DE MUSCULA\u00c7\u00c3O,<\/h2>\t\t<\/div>\n\t\t\t\t<\/div>\n\t\t\t\t<div class=\"elementor-element elementor-element-77f92354 elementor-widget elementor-widget-heading\" data-id=\"77f92354\" data-element_type=\"widget\" data-widget_type=\"heading.default\">\n\t\t\t\t<div class=\"elementor-widget-container\">\n\t\t\t<h2 class=\"elementor-heading-title elementor-size-default\">\u00c1REA DE PESO LIVRE,<\/h2>\t\t<\/div>\n\t\t\t\t<\/div>\n\t\t\t\t<div class=\"elementor-element elementor-element-289e9b3e elementor-widget elementor-widget-heading\" data-id=\"289e9b3e\" data-element_type=\"widget\" data-widget_type=\"heading.default\">\n\t\t\t\t<div class=\"elementor-widget-container\">\n\t\t\t<h2 class=\"elementor-heading-title elementor-size-default\">DUAS SALAS DE DAN\u00c7A, GIN\u00c1STICA E PILATES,<\/h2>\t\t<\/div>\n\t\t\t\t<\/div>\n\t\t\t\t<div class=\"elementor-element elementor-element-70e1821a elementor-widget elementor-widget-heading\" data-id=\"70e1821a\" data-element_type=\"widget\" data-widget_type=\"heading.default\">\n\t\t\t\t<div class=\"elementor-widget-container\">\n\t\t\t<h2 class=\"elementor-heading-title elementor-size-default\">\u00c1REA DE ALONGAMENTO.<\/h2>\t\t<\/div>\n\t\t\t\t<\/div>\n\t\t\t\t<div class=\"elementor-element elementor-element-2e00596b elementor-widget elementor-widget-image\" data-id=\"2e00596b\" data-element_type=\"widget\" data-widget_type=\"image.default\">\n\t\t\t\t<div class=\"elementor-widget-container\">\n\t\t\t<style>\/*! elementor - v3.22.0 - 17-06-2024 *\/\n.elementor-widget-image{text-align:center}.elementor-widget-image a{display:inline-block}.elementor-widget-image a img[src$=\".svg\"]{width:48px}.elementor-widget-image img{vertical-align:middle;display:inline-block}<\/style>\t\t\t\t\t\t\t\t\t\t<img fetchpriority=\"high\" decoding=\"async\" width=\"1024\" height=\"682\" src=\"https:\/\/treineprimefit.me\/checkoutp4\/wp-content\/uploads\/2024\/06\/1-1024x682.png\" class=\"attachment-large size-large wp-image-40\" alt=\"\" srcset=\"https:\/\/treineprimefit.me\/checkoutp4\/wp-content\/uploads\/2024\/06\/1-1024x682.png 1024w, https:\/\/treineprimefit.me\/checkoutp4\/wp-content\/uploads\/2024\/06\/1-300x200.png 300w, https:\/\/treineprimefit.me\/checkoutp4\/wp-content\/uploads\/2024\/06\/1-768x512.png 768w, https:\/\/treineprimefit.me\/checkoutp4\/wp-content\/uploads\/2024\/06\/1.png 1501w\" sizes=\"(max-width: 1024px) 100vw, 1024px\" \/>\t\t\t\t\t\t\t\t\t\t\t\t\t<\/div>\n\t\t\t\t<\/div>\n\t\t\t\t<div class=\"elementor-element elementor-element-56d6c017 elementor-widget elementor-widget-image\" data-id=\"56d6c017\" data-element_type=\"widget\" data-widget_type=\"image.default\">\n\t\t\t\t<div class=\"elementor-widget-container\">\n\t\t\t\t\t\t\t\t\t\t\t\t\t<img decoding=\"async\" width=\"1024\" height=\"682\" src=\"https:\/\/treineprimefit.me\/checkoutp4\/wp-content\/uploads\/2024\/06\/2-1-1024x682.png\" class=\"attachment-large size-large wp-image-41\" alt=\"\" srcset=\"https:\/\/treineprimefit.me\/checkoutp4\/wp-content\/uploads\/2024\/06\/2-1-1024x682.png 1024w, https:\/\/treineprimefit.me\/checkoutp4\/wp-content\/uploads\/2024\/06\/2-1-300x200.png 300w, https:\/\/treineprimefit.me\/checkoutp4\/wp-content\/uploads\/2024\/06\/2-1-768x512.png 768w, https:\/\/treineprimefit.me\/checkoutp4\/wp-content\/uploads\/2024\/06\/2-1.png 1501w\" sizes=\"(max-width: 1024px) 100vw, 1024px\" \/>\t\t\t\t\t\t\t\t\t\t\t\t\t<\/div>\n\t\t\t\t<\/div>\n\t\t\t\t<div class=\"elementor-element elementor-element-68d5c197 elementor-widget elementor-widget-image\" data-id=\"68d5c197\" data-element_type=\"widget\" data-widget_type=\"image.default\">\n\t\t\t\t<div class=\"elementor-widget-container\">\n\t\t\t\t\t\t\t\t\t\t\t\t\t<img decoding=\"async\" width=\"1024\" height=\"682\" src=\"https:\/\/treineprimefit.me\/checkoutp4\/wp-content\/uploads\/2024\/06\/3-1-1024x682.png\" class=\"attachment-large size-large wp-image-42\" alt=\"\" srcset=\"https:\/\/treineprimefit.me\/checkoutp4\/wp-content\/uploads\/2024\/06\/3-1-1024x682.png 1024w, https:\/\/treineprimefit.me\/checkoutp4\/wp-content\/uploads\/2024\/06\/3-1-300x200.png 300w, https:\/\/treineprimefit.me\/checkoutp4\/wp-content\/uploads\/2024\/06\/3-1-768x512.png 768w, https:\/\/treineprimefit.me\/checkoutp4\/wp-content\/uploads\/2024\/06\/3-1.png 1501w\" sizes=\"(max-width: 1024px) 100vw, 1024px\" \/>\t\t\t\t\t\t\t\t\t\t\t\t\t<\/div>\n\t\t\t\t<\/div>\n\t\t\t\t<div class=\"elementor-element elementor-element-2759aea5 elementor-widget elementor-widget-image\" data-id=\"2759aea5\" data-element_type=\"widget\" data-widget_type=\"image.default\">\n\t\t\t\t<div class=\"elementor-widget-container\">\n\t\t\t\t\t\t\t\t\t\t\t\t\t<img loading=\"lazy\" decoding=\"async\" width=\"1024\" height=\"682\" src=\"https:\/\/treineprimefit.me\/checkoutp4\/wp-content\/uploads\/2024\/06\/4-1024x682.png\" class=\"attachment-large size-large wp-image-43\" alt=\"\" srcset=\"https:\/\/treineprimefit.me\/checkoutp4\/wp-content\/uploads\/2024\/06\/4-1024x682.png 1024w, https:\/\/treineprimefit.me\/checkoutp4\/wp-content\/uploads\/2024\/06\/4-300x200.png 300w, https:\/\/treineprimefit.me\/checkoutp4\/wp-content\/uploads\/2024\/06\/4-768x512.png 768w, https:\/\/treineprimefit.me\/checkoutp4\/wp-content\/uploads\/2024\/06\/4.png 1501w\" sizes=\"(max-width: 1024px) 100vw, 1024px\" \/>\t\t\t\t\t\t\t\t\t\t\t\t\t<\/div>\n\t\t\t\t<\/div>\n\t\t\t\t<div class=\"elementor-element elementor-element-9fbbe62 elementor-widget elementor-widget-image\" data-id=\"9fbbe62\" data-element_type=\"widget\" data-widget_type=\"image.default\">\n\t\t\t\t<div class=\"elementor-widget-container\">\n\t\t\t\t\t\t\t\t\t\t\t\t\t<img loading=\"lazy\" decoding=\"async\" width=\"1024\" height=\"682\" src=\"https:\/\/treineprimefit.me\/checkoutp4\/wp-content\/uploads\/2024\/06\/6-1024x682.png\" class=\"attachment-large size-large wp-image-17\" alt=\"\" srcset=\"https:\/\/treineprimefit.me\/checkoutp4\/wp-content\/uploads\/2024\/06\/6-1024x682.png 1024w, https:\/\/treineprimefit.me\/checkoutp4\/wp-content\/uploads\/2024\/06\/6-300x200.png 300w, https:\/\/treineprimefit.me\/checkoutp4\/wp-content\/uploads\/2024\/06\/6-768x512.png 768w, https:\/\/treineprimefit.me\/checkoutp4\/wp-content\/uploads\/2024\/06\/6.png 1501w\" sizes=\"(max-width: 1024px) 100vw, 1024px\" \/>\t\t\t\t\t\t\t\t\t\t\t\t\t<\/div>\n\t\t\t\t<\/div>\n\t\t\t\t\t<\/div>\n\t\t\t\t<\/div>\n\t\t<div class=\"elementor-element elementor-element-35e7e269 e-flex e-con-boxed e-con e-parent\" data-id=\"35e7e269\" data-element_type=\"container\">\n\t\t\t\t\t<div class=\"e-con-inner\">\n\t\t\t\t<div class=\"elementor-element elementor-element-3d9dfaff elementor-widget elementor-widget-heading\" data-id=\"3d9dfaff\" data-element_type=\"widget\" data-widget_type=\"heading.default\">\n\t\t\t\t<div class=\"elementor-widget-container\">\n\t\t\t<h2 class=\"elementor-heading-title elementor-size-default\">HOR\u00c1RIO DE FUNCIONAMENTO<\/h2>\t\t<\/div>\n\t\t\t\t<\/div>\n\t\t\t\t<div class=\"elementor-element elementor-element-498e873a elementor-widget elementor-widget-heading\" data-id=\"498e873a\" data-element_type=\"widget\" data-widget_type=\"heading.default\">\n\t\t\t\t<div class=\"elementor-widget-container\">\n\t\t\t<h2 class=\"elementor-heading-title elementor-size-default\">SEGUNDA \u00c0 SEXTA-FEIRA: 05:00 \u00c0S 23:00.<\/h2>\t\t<\/div>\n\t\t\t\t<\/div>\n\t\t\t\t<div class=\"elementor-element elementor-element-540f4899 elementor-widget elementor-widget-heading\" data-id=\"540f4899\" data-element_type=\"widget\" data-widget_type=\"heading.default\">\n\t\t\t\t<div class=\"elementor-widget-container\">\n\t\t\t<h2 class=\"elementor-heading-title elementor-size-default\">S\u00c1BADO: 09:00 \u00c0S 14:00.\n<\/h2>\t\t<\/div>\n\t\t\t\t<\/div>\n\t\t\t\t<div class=\"elementor-element elementor-element-5e0651f3 elementor-widget elementor-widget-heading\" data-id=\"5e0651f3\" data-element_type=\"widget\" data-widget_type=\"heading.default\">\n\t\t\t\t<div class=\"elementor-widget-container\">\n\t\t\t<h2 class=\"elementor-heading-title elementor-size-default\">ACESSIBILIDADES<\/h2>\t\t<\/div>\n\t\t\t\t<\/div>\n\t\t\t\t<div class=\"elementor-element elementor-element-3369516c elementor-widget elementor-widget-heading\" data-id=\"3369516c\" data-element_type=\"widget\" data-widget_type=\"heading.default\">\n\t\t\t\t<div class=\"elementor-widget-container\">\n\t\t\t<h2 class=\"elementor-heading-title elementor-size-default\">BICICLET\u00c1RIOS, DUCHAS, VESTI\u00c1RIOS, ARM\u00c1RIOS.<\/h2>\t\t<\/div>\n\t\t\t\t<\/div>\n\t\t\t\t<div class=\"elementor-element elementor-element-6f852a58 elementor-widget elementor-widget-heading\" data-id=\"6f852a58\" data-element_type=\"widget\" data-widget_type=\"heading.default\">\n\t\t\t\t<div class=\"elementor-widget-container\">\n\t\t\t<h2 class=\"elementor-heading-title elementor-size-default\">MODALIDADES<\/h2>\t\t<\/div>\n\t\t\t\t<\/div>\n\t\t\t\t<div class=\"elementor-element elementor-element-5cdbd08e elementor-widget elementor-widget-image\" data-id=\"5cdbd08e\" data-element_type=\"widget\" data-widget_type=\"image.default\">\n\t\t\t\t<div class=\"elementor-widget-container\">\n\t\t\t\t\t\t\t\t\t\t\t\t\t\t<a href=\"https:\/\/treineprimefit.me\/checkoutp4\/wp-content\/uploads\/2024\/11\/P4.png\" data-elementor-open-lightbox=\"yes\" data-elementor-lightbox-title=\"P4\" data-e-action-hash=\"#elementor-action%3Aaction%3Dlightbox%26settings%3DeyJpZCI6NzksInVybCI6Imh0dHBzOlwvXC90cmVpbmVwcmltZWZpdC5tZVwvY2hlY2tvdXRwNFwvd3AtY29udGVudFwvdXBsb2Fkc1wvMjAyNFwvMTFcL1A0LnBuZyJ9\">\n\t\t\t\t\t\t\t<img loading=\"lazy\" decoding=\"async\" width=\"1024\" height=\"619\" src=\"https:\/\/treineprimefit.me\/checkoutp4\/wp-content\/uploads\/2024\/11\/P4-1024x619.png\" class=\"attachment-large size-large wp-image-79\" alt=\"\" srcset=\"https:\/\/treineprimefit.me\/checkoutp4\/wp-content\/uploads\/2024\/11\/P4-1024x619.png 1024w, https:\/\/treineprimefit.me\/checkoutp4\/wp-content\/uploads\/2024\/11\/P4-300x181.png 300w, https:\/\/treineprimefit.me\/checkoutp4\/wp-content\/uploads\/2024\/11\/P4-768x465.png 768w, https:\/\/treineprimefit.me\/checkoutp4\/wp-content\/uploads\/2024\/11\/P4-1536x929.png 1536w, https:\/\/treineprimefit.me\/checkoutp4\/wp-content\/uploads\/2024\/11\/P4-2048x1239.png 2048w\" sizes=\"(max-width: 1024px) 100vw, 1024px\" \/>\t\t\t\t\t\t\t\t<\/a>\n\t\t\t\t\t\t\t\t\t\t\t\t\t<\/div>\n\t\t\t\t<\/div>\n\t\t\t\t<div class=\"elementor-element elementor-element-5d85c5f5 elementor-widget elementor-widget-heading\" data-id=\"5d85c5f5\" data-element_type=\"widget\" data-widget_type=\"heading.default\">\n\t\t\t\t<div class=\"elementor-widget-container\">\n\t\t\t<h2 class=\"elementor-heading-title elementor-size-default\">CLIQUE NA GRADE PARA AMPLIAR<\/h2>\t\t<\/div>\n\t\t\t\t<\/div>\n\t\t\t\t\t<\/div>\n\t\t\t\t<\/div>\n\t\t<div class=\"elementor-element elementor-element-2d8998e5 e-flex e-con-boxed e-con e-parent\" data-id=\"2d8998e5\" data-element_type=\"container\" id=\"contato\" data-settings=\"{&quot;background_background&quot;:&quot;classic&quot;,&quot;shape_divider_bottom&quot;:&quot;tilt&quot;}\">\n\t\t\t\t\t<div class=\"e-con-inner\">\n\t\t\t\t<div class=\"elementor-shape elementor-shape-bottom\" data-negative=\"false\">\n\t\t\t<svg xmlns=\"http:\/\/www.w3.org\/2000\/svg\" viewBox=\"0 0 1000 100\" preserveAspectRatio=\"none\">\n\t<path class=\"elementor-shape-fill\" d=\"M0,6V0h1000v100L0,6z\"\/>\n<\/svg>\t\t<\/div>\n\t\t<div class=\"elementor-element elementor-element-27094dfa e-con-full e-flex e-con e-child\" data-id=\"27094dfa\" data-element_type=\"container\">\n\t\t\t\t<div class=\"elementor-element elementor-element-bb36c66 elementor-widget elementor-widget-heading\" data-id=\"bb36c66\" data-element_type=\"widget\" data-widget_type=\"heading.default\">\n\t\t\t\t<div class=\"elementor-widget-container\">\n\t\t\t<h2 class=\"elementor-heading-title elementor-size-default\">MATRICULE-SE ONLINE<\/h2>\t\t<\/div>\n\t\t\t\t<\/div>\n\t\t\t\t<div class=\"elementor-element elementor-element-b57935f elementor-widget elementor-widget-heading\" data-id=\"b57935f\" data-element_type=\"widget\" data-widget_type=\"heading.default\">\n\t\t\t\t<div class=\"elementor-widget-container\">\n\t\t\t<h2 class=\"elementor-heading-title elementor-size-default\">Garanta sua vaga!<\/h2>\t\t<\/div>\n\t\t\t\t<\/div>\n\t\t<div class=\"elementor-element elementor-element-574d1b66 e-con-full e-flex e-con e-child\" data-id=\"574d1b66\" data-element_type=\"container\">\n\t\t<div class=\"elementor-element elementor-element-2ee92957 e-con-full e-flex e-con e-child\" data-id=\"2ee92957\" data-element_type=\"container\">\n\t\t\t\t<div class=\"elementor-element elementor-element-39ccf086 elementor-align-center elementor-mobile-align-center elementor-widget-mobile__width-initial elementor-widget elementor-widget-button\" data-id=\"39ccf086\" data-element_type=\"widget\" data-widget_type=\"button.default\">\n\t\t\t\t<div class=\"elementor-widget-container\">\n\t\t\t\t\t<div class=\"elementor-button-wrapper\">\n\t\t\t<a class=\"elementor-button elementor-button-link elementor-size-sm elementor-animation-grow\" href=\"https:\/\/loja.treineprimefit.com.br\/prime4\/planos\/\">\n\t\t\t\t\t\t<span class=\"elementor-button-content-wrapper\">\n\t\t\t\t\t\t<span class=\"elementor-button-icon\">\n\t\t\t\t<svg aria-hidden=\"true\" class=\"e-font-icon-svg e-far-hand-pointer\" viewBox=\"0 0 448 512\" xmlns=\"http:\/\/www.w3.org\/2000\/svg\"><path d=\"M358.182 179.361c-19.493-24.768-52.679-31.945-79.872-19.098-15.127-15.687-36.182-22.487-56.595-19.629V67c0-36.944-29.736-67-66.286-67S89.143 30.056 89.143 67v161.129c-19.909-7.41-43.272-5.094-62.083 8.872-29.355 21.795-35.793 63.333-14.55 93.152l109.699 154.001C134.632 501.59 154.741 512 176 512h178.286c30.802 0 57.574-21.5 64.557-51.797l27.429-118.999A67.873 67.873 0 0 0 448 326v-84c0-46.844-46.625-79.273-89.818-62.639zM80.985 279.697l27.126 38.079c8.995 12.626 29.031 6.287 29.031-9.283V67c0-25.12 36.571-25.16 36.571 0v175c0 8.836 7.163 16 16 16h6.857c8.837 0 16-7.164 16-16v-35c0-25.12 36.571-25.16 36.571 0v35c0 8.836 7.163 16 16 16H272c8.837 0 16-7.164 16-16v-21c0-25.12 36.571-25.16 36.571 0v21c0 8.836 7.163 16 16 16h6.857c8.837 0 16-7.164 16-16 0-25.121 36.571-25.16 36.571 0v84c0 1.488-.169 2.977-.502 4.423l-27.43 119.001c-1.978 8.582-9.29 14.576-17.782 14.576H176c-5.769 0-11.263-2.878-14.697-7.697l-109.712-154c-14.406-20.223 14.994-42.818 29.394-22.606zM176.143 400v-96c0-8.837 6.268-16 14-16h6c7.732 0 14 7.163 14 16v96c0 8.837-6.268 16-14 16h-6c-7.733 0-14-7.163-14-16zm75.428 0v-96c0-8.837 6.268-16 14-16h6c7.732 0 14 7.163 14 16v96c0 8.837-6.268 16-14 16h-6c-7.732 0-14-7.163-14-16zM327 400v-96c0-8.837 6.268-16 14-16h6c7.732 0 14 7.163 14 16v96c0 8.837-6.268 16-14 16h-6c-7.732 0-14-7.163-14-16z\"><\/path><\/svg>\t\t\t<\/span>\n\t\t\t\t\t\t\t\t\t<span class=\"elementor-button-text\">MATRICULE-SE<\/span>\n\t\t\t\t\t<\/span>\n\t\t\t\t\t<\/a>\n\t\t<\/div>\n\t\t\t\t<\/div>\n\t\t\t\t<\/div>\n\t\t\t\t<div class=\"elementor-element elementor-element-19799a93 elementor-align-center elementor-mobile-align-center elementor-widget-mobile__width-initial elementor-widget elementor-widget-button\" data-id=\"19799a93\" data-element_type=\"widget\" data-widget_type=\"button.default\">\n\t\t\t\t<div class=\"elementor-widget-container\">\n\t\t\t\t\t<div class=\"elementor-button-wrapper\">\n\t\t\t<a class=\"elementor-button elementor-button-link elementor-size-sm elementor-animation-grow\" href=\"https:\/\/api.whatsapp.com\/send?phone=5547997150998&#038;text=%5BBRUSQUE%5D%20Voc%C3%AA%20est%C3%A1%20a%20um%20passo%20de%20alcan%C3%A7ar%20seus%20objetivos.%20Clique%20em%20enviar.%20\">\n\t\t\t\t\t\t<span class=\"elementor-button-content-wrapper\">\n\t\t\t\t\t\t<span class=\"elementor-button-icon\">\n\t\t\t\t<svg aria-hidden=\"true\" class=\"e-font-icon-svg e-fab-whatsapp\" viewBox=\"0 0 448 512\" xmlns=\"http:\/\/www.w3.org\/2000\/svg\"><path d=\"M380.9 97.1C339 55.1 283.2 32 223.9 32c-122.4 0-222 99.6-222 222 0 39.1 10.2 77.3 29.6 111L0 480l117.7-30.9c32.4 17.7 68.9 27 106.1 27h.1c122.3 0 224.1-99.6 224.1-222 0-59.3-25.2-115-67.1-157zm-157 341.6c-33.2 0-65.7-8.9-94-25.7l-6.7-4-69.8 18.3L72 359.2l-4.4-7c-18.5-29.4-28.2-63.3-28.2-98.2 0-101.7 82.8-184.5 184.6-184.5 49.3 0 95.6 19.2 130.4 54.1 34.8 34.9 56.2 81.2 56.1 130.5 0 101.8-84.9 184.6-186.6 184.6zm101.2-138.2c-5.5-2.8-32.8-16.2-37.9-18-5.1-1.9-8.8-2.8-12.5 2.8-3.7 5.6-14.3 18-17.6 21.8-3.2 3.7-6.5 4.2-12 1.4-32.6-16.3-54-29.1-75.5-66-5.7-9.8 5.7-9.1 16.3-30.3 1.8-3.7.9-6.9-.5-9.7-1.4-2.8-12.5-30.1-17.1-41.2-4.5-10.8-9.1-9.3-12.5-9.5-3.2-.2-6.9-.2-10.6-.2-3.7 0-9.7 1.4-14.8 6.9-5.1 5.6-19.4 19-19.4 46.3 0 27.3 19.9 53.7 22.6 57.4 2.8 3.7 39.1 59.7 94.8 83.8 35.2 15.2 49 16.5 66.6 13.9 10.7-1.6 32.8-13.4 37.4-26.4 4.6-13 4.6-24.1 3.2-26.4-1.3-2.5-5-3.9-10.5-6.6z\"><\/path><\/svg>\t\t\t<\/span>\n\t\t\t\t\t\t\t\t\t<span class=\"elementor-button-text\">Fale com a gente<\/span>\n\t\t\t\t\t<\/span>\n\t\t\t\t\t<\/a>\n\t\t<\/div>\n\t\t\t\t<\/div>\n\t\t\t\t<\/div>\n\t\t\t\t<div class=\"elementor-element elementor-element-190b7db2 elementor-align-center elementor-mobile-align-center elementor-widget-mobile__width-initial elementor-widget elementor-widget-button\" data-id=\"190b7db2\" data-element_type=\"widget\" data-widget_type=\"button.default\">\n\t\t\t\t<div class=\"elementor-widget-container\">\n\t\t\t\t\t<div class=\"elementor-button-wrapper\">\n\t\t\t<a class=\"elementor-button elementor-button-link elementor-size-sm elementor-animation-grow\" href=\"https:\/\/treineprimefit.me\/online\">\n\t\t\t\t\t\t<span class=\"elementor-button-content-wrapper\">\n\t\t\t\t\t\t\t\t\t<span class=\"elementor-button-text\">Outras cidades (ONLINE)<\/span>\n\t\t\t\t\t<\/span>\n\t\t\t\t\t<\/a>\n\t\t<\/div>\n\t\t\t\t<\/div>\n\t\t\t\t<\/div>\n\t\t\t\t<\/div>\n\t\t\t\t<\/div>\n\t\t\t\t<\/div>\n\t\t\t\t\t<\/div>\n\t\t\t\t<\/div>\n\t\t<div class=\"elementor-element elementor-element-3b6c24c6 e-flex e-con-boxed e-con e-parent\" data-id=\"3b6c24c6\" data-element_type=\"container\" data-settings=\"{&quot;background_background&quot;:&quot;classic&quot;}\">\n\t\t\t\t\t<div class=\"e-con-inner\">\n\t\t\t\t<div class=\"elementor-element elementor-element-1e7c348f elementor-widget elementor-widget-heading\" data-id=\"1e7c348f\" data-element_type=\"widget\" data-widget_type=\"heading.default\">\n\t\t\t\t<div class=\"elementor-widget-container\">\n\t\t\t<h2 class=\"elementor-heading-title elementor-size-default\">INFORMA\u00c7\u00d5ES<\/h2>\t\t<\/div>\n\t\t\t\t<\/div>\n\t\t\t\t<div class=\"elementor-element elementor-element-596d8f67 elementor-widget elementor-widget-heading\" data-id=\"596d8f67\" data-element_type=\"widget\" data-widget_type=\"heading.default\">\n\t\t\t\t<div class=\"elementor-widget-container\">\n\t\t\t<h2 class=\"elementor-heading-title elementor-size-default\"><a href=\"https:\/\/loja.treineprimefit.com.br\/prime4\/contratos\/\">CONTRATOS<\/a><\/h2>\t\t<\/div>\n\t\t\t\t<\/div>\n\t\t\t\t<div class=\"elementor-element elementor-element-dff47f6 elementor-widget elementor-widget-heading\" data-id=\"dff47f6\" data-element_type=\"widget\" data-widget_type=\"heading.default\">\n\t\t\t\t<div class=\"elementor-widget-container\">\n\t\t\t<h2 class=\"elementor-heading-title elementor-size-default\"><a href=\"https:\/\/loja.treineprimefit.com.br\/prime4\/duvidas-frequentes\/\">D\u00daVIDAS FREQUENTES<\/a><\/h2>\t\t<\/div>\n\t\t\t\t<\/div>\n\t\t\t\t<div class=\"elementor-element elementor-element-4c3a706 elementor-widget elementor-widget-heading\" data-id=\"4c3a706\" data-element_type=\"widget\" data-widget_type=\"heading.default\">\n\t\t\t\t<div class=\"elementor-widget-container\">\n\t\t\t<h2 class=\"elementor-heading-title elementor-size-default\">FORMAS DE PAGAMENTO<\/h2>\t\t<\/div>\n\t\t\t\t<\/div>\n\t\t\t\t<div class=\"elementor-element elementor-element-3c6c8675 elementor-widget elementor-widget-image\" data-id=\"3c6c8675\" data-element_type=\"widget\" data-widget_type=\"image.default\">\n\t\t\t\t<div class=\"elementor-widget-container\">\n\t\t\t\t\t\t\t\t\t\t\t\t\t<img decoding=\"async\" src=\"https:\/\/treineprimefit.me\/checkoutp4\/wp-content\/uploads\/elementor\/thumbs\/Sem-Titulo-2-copiar-qpwnu6fvs1r9ydd1tp1takos35rd949p6e7bfxl12k.png\" title=\"Sem-Titulo-2-copiar.png\" alt=\"Sem-Titulo-2-copiar.png\" loading=\"lazy\" \/>\t\t\t\t\t\t\t\t\t\t\t\t\t<\/div>\n\t\t\t\t<\/div>\n\t\t\t\t<div class=\"elementor-element elementor-element-75fa5836 elementor-widget elementor-widget-image\" data-id=\"75fa5836\" data-element_type=\"widget\" data-widget_type=\"image.default\">\n\t\t\t\t<div class=\"elementor-widget-container\">\n\t\t\t\t\t\t\t\t\t\t\t\t\t<img decoding=\"async\" src=\"https:\/\/treineprimefit.me\/checkoutp4\/wp-content\/uploads\/elementor\/thumbs\/Sem-Titulo-3-copiar-qpwnu6fuk6zesyjlquv3ploffnzxv915w33zbhmrm2.png\" title=\"Sem-Titulo-3-copiar.png\" alt=\"Sem-Titulo-3-copiar.png\" loading=\"lazy\" \/>\t\t\t\t\t\t\t\t\t\t\t\t\t<\/div>\n\t\t\t\t<\/div>\n\t\t\t\t<div class=\"elementor-element elementor-element-25fb295e elementor-widget elementor-widget-heading\" data-id=\"25fb295e\" data-element_type=\"widget\" data-widget_type=\"heading.default\">\n\t\t\t\t<div class=\"elementor-widget-container\">\n\t\t\t<h2 class=\"elementor-heading-title elementor-size-default\">\u00a92024 PRIME FIT - BRUSQUE<\/h2>\t\t<\/div>\n\t\t\t\t<\/div>\n\t\t\t\t<div class=\"elementor-element elementor-element-48482dd5 elementor-widget elementor-widget-heading\" data-id=\"48482dd5\" data-element_type=\"widget\" data-widget_type=\"heading.default\">\n\t\t\t\t<div class=\"elementor-widget-container\">\n\t\t\t<h2 class=\"elementor-heading-title elementor-size-default\">CNPJ: 24.673.858\/0001-85<\/h2>\t\t<\/div>\n\t\t\t\t<\/div>\n\t\t\t\t\t<\/div>\n\t\t\t\t<\/div>\n\t\t<div class=\"elementor-element elementor-element-59bc79e e-flex e-con-boxed e-con e-parent\" data-id=\"59bc79e\" data-element_type=\"container\">\n\t\t\t\t\t<div class=\"e-con-inner\">\n\t\t\t\t\t<\/div>\n\t\t\t\t<\/div>\n\t\t\t\t<\/div>\n\t\t","protected":false},"excerpt":{"rendered":"<p>PRIME FIT &#8211; BRUSQUE PRIME FIT &#8211; BRUSQUE R. JO\u00c3O BAUER, N\u00ba 110, CENTRO &#8211; BRUSQUE ESTRUTURA: CERCA DE MIL E QUINHENTOS METROS QUADRADOS \u00c1REA DE EQUIPAMENTOS AER\u00d3BICOS, \u00c1REA DE EQUIPAMENTOS DE MUSCULA\u00c7\u00c3O, \u00c1REA DE PESO LIVRE, DUAS SALAS DE DAN\u00c7A, GIN\u00c1STICA E PILATES, \u00c1REA DE ALONGAMENTO. HOR\u00c1RIO DE FUNCIONAMENTO SEGUNDA \u00c0 SEXTA-FEIRA: 05:00 \u00c0S [&hellip;]<\/p>\n","protected":false},"author":1,"featured_media":0,"parent":0,"menu_order":0,"comment_status":"closed","ping_status":"closed","template":"elementor_canvas","meta":{"footnotes":""},"_links":{"self":[{"href":"https:\/\/treineprimefit.me\/checkoutp4\/wp-json\/wp\/v2\/pages\/6"}],"collection":[{"href":"https:\/\/treineprimefit.me\/checkoutp4\/wp-json\/wp\/v2\/pages"}],"about":[{"href":"https:\/\/treineprimefit.me\/checkoutp4\/wp-json\/wp\/v2\/types\/page"}],"author":[{"embeddable":true,"href":"https:\/\/treineprimefit.me\/checkoutp4\/wp-json\/wp\/v2\/users\/1"}],"replies":[{"embeddable":true,"href":"https:\/\/treineprimefit.me\/checkoutp4\/wp-json\/wp\/v2\/comments?post=6"}],"version-history":[{"count":53,"href":"https:\/\/treineprimefit.me\/checkoutp4\/wp-json\/wp\/v2\/pages\/6\/revisions"}],"predecessor-version":[{"id":82,"href":"https:\/\/treineprimefit.me\/checkoutp4\/wp-json\/wp\/v2\/pages\/6\/revisions\/82"}],"wp:attachment":[{"href":"https:\/\/treineprimefit.me\/checkoutp4\/wp-json\/wp\/v2\/media?parent=6"}],"curies":[{"name":"wp","href":"https:\/\/api.w.org\/{rel}","templated":true}]}}